{"id":20,"date":"2025-10-03T10:31:49","date_gmt":"2025-10-03T10:31:49","guid":{"rendered":"https:\/\/cha-yoga.fr\/index.php\/workshop\/"},"modified":"2025-12-04T16:15:47","modified_gmt":"2025-12-04T16:15:47","slug":"les-cours-collectifs-yoga","status":"publish","type":"page","link":"https:\/\/cha-yoga.fr\/index.php\/les-cours-collectifs-yoga\/","title":{"rendered":"Les cours collectifs"},"content":{"rendered":"\t\t<div data-elementor-type=\"wp-page\" data-elementor-id=\"20\" class=\"elementor elementor-20\">\n\t\t\t\t<div class=\"elementor-element elementor-element-102f4c79 e-con-full e-flex e-con e-parent\" data-id=\"102f4c79\" data-element_type=\"container\" data-e-type=\"container\">\n\t\t<div class=\"elementor-element elementor-element-6f4872cb e-con-full e-flex e-con e-child\" data-id=\"6f4872cb\" data-element_type=\"container\" data-e-type=\"container\">\n\t\t<div class=\"elementor-element elementor-element-48eafe6 e-con-full e-flex e-con e-child\" data-id=\"48eafe6\" data-element_type=\"container\" data-e-type=\"container\">\n\t\t\t\t<div class=\"elementor-element elementor-element-4775c58e elementor-widget elementor-widget-heading\" data-id=\"4775c58e\" data-element_type=\"widget\" data-e-type=\"widget\" data-widget_type=\"heading.default\">\n\t\t\t\t\t<h1 class=\"elementor-heading-title elementor-size-default\">La pratique collective<\/h1>\t\t\t\t<\/div>\n\t\t\t\t<div class=\"elementor-element elementor-element-7ede83c elementor-widget__width-initial elementor-widget elementor-widget-text-editor\" data-id=\"7ede83c\" data-element_type=\"widget\" data-e-type=\"widget\" data-widget_type=\"text-editor.default\">\n\t\t\t\t\t\t\t\t\t<p>Je propose des <strong data-start=\"264\" data-end=\"323\">cours collectifs de yoga Vinyasa dans deux lieux \u00e0 Rez\u00e9 <\/strong>: <strong data-start=\"326\" data-end=\"344\">Les Tournesols<\/strong> et <strong data-start=\"348\" data-end=\"370\">Labo Corps Accords<\/strong>. Ouverts \u00e0 tous les niveaux, d\u00e9butants et interm\u00e9diaires, ces cours sont <strong data-start=\"447\" data-end=\"486\">un moment pour se reconnecter \u00e0 soi<\/strong> tout en profitant de <strong data-start=\"508\" data-end=\"545\">l\u2019\u00e9nergie bienveillante du groupe<\/strong>. Une parenth\u00e8se pour <strong data-start=\"567\" data-end=\"630\">\u00e9couter son corps, respirer et partager un moment suspendu<\/strong>.<\/p>\t\t\t\t\t\t\t\t<\/div>\n\t\t\t\t<div class=\"elementor-element elementor-element-7876d87 elementor-widget-divider--view-line elementor-widget elementor-widget-divider\" data-id=\"7876d87\" data-element_type=\"widget\" data-e-type=\"widget\" data-widget_type=\"divider.default\">\n\t\t\t\t\t\t\t<div class=\"elementor-divider\">\n\t\t\t<span class=\"elementor-divider-separator\">\n\t\t\t\t\t\t<\/span>\n\t\t<\/div>\n\t\t\t\t\t\t<\/div>\n\t\t\t\t<div class=\"elementor-element elementor-element-585a096 elementor-widget__width-initial elementor-widget elementor-widget-text-editor\" data-id=\"585a096\" data-element_type=\"widget\" data-e-type=\"widget\" data-widget_type=\"text-editor.default\">\n\t\t\t\t\t\t\t\t\t<p>LE LUNDI : 20h00 &#8211; 21h15\u00a0<\/p><p style=\"border-width: medium; border-style: none; font-size: 16px; text-align: left;\">LE MERCREDI : 20h00 &#8211; 21h15\u00a0<\/p><div><a href=\"https:\/\/www.salles-yoga-nantes.com\" target=\"_blank\" rel=\"noopener\"><span style=\"font-family: var( --e-global-typography-text-font-family ), Sans-serif; font-size: inherit; font-style: var( --e-global-typography-text-font-style ); letter-spacing: var( --e-global-typography-text-letter-spacing ); text-align: inherit; text-transform: var( --e-global-typography-text-text-transform ); word-spacing: var( --e-global-typography-text-word-spacing ); text-decoration: var( --e-global-typography-text-text-decoration );\">SALLE LES TOURNESOLS \u00e0 REZ\u00c9\u00a0<\/span><\/a><\/div>\t\t\t\t\t\t\t\t<\/div>\n\t\t\t\t<div class=\"elementor-element elementor-element-0f0ce1e elementor-widget-divider--view-line elementor-widget elementor-widget-divider\" data-id=\"0f0ce1e\" data-element_type=\"widget\" data-e-type=\"widget\" data-widget_type=\"divider.default\">\n\t\t\t\t\t\t\t<div class=\"elementor-divider\">\n\t\t\t<span class=\"elementor-divider-separator\">\n\t\t\t\t\t\t<\/span>\n\t\t<\/div>\n\t\t\t\t\t\t<\/div>\n\t\t\t\t<div class=\"elementor-element elementor-element-59ec5fec elementor-icon-list--layout-inline elementor-list-item-link-full_width elementor-invisible elementor-widget elementor-widget-icon-list\" data-id=\"59ec5fec\" data-element_type=\"widget\" data-e-type=\"widget\" data-settings=\"{&quot;_animation&quot;:&quot;fadeInUp&quot;}\" data-widget_type=\"icon-list.default\">\n\t\t\t\t\t\t\t<ul class=\"elementor-icon-list-items elementor-inline-items\">\n\t\t\t\t\t\t\t<li class=\"elementor-icon-list-item elementor-inline-item\">\n\t\t\t\t\t\t\t\t\t\t<span class=\"elementor-icon-list-text\">1h15<\/span>\n\t\t\t\t\t\t\t\t\t<\/li>\n\t\t\t\t\t\t\t\t<li class=\"elementor-icon-list-item elementor-inline-item\">\n\t\t\t\t\t\t\t\t\t\t<span class=\"elementor-icon-list-text\">Max 12 Participants <\/span>\n\t\t\t\t\t\t\t\t\t<\/li>\n\t\t\t\t\t\t<\/ul>\n\t\t\t\t\t\t<\/div>\n\t\t\t\t<div class=\"elementor-element elementor-element-a81249b elementor-widget-divider--view-line elementor-widget elementor-widget-divider\" data-id=\"a81249b\" data-element_type=\"widget\" data-e-type=\"widget\" data-widget_type=\"divider.default\">\n\t\t\t\t\t\t\t<div class=\"elementor-divider\">\n\t\t\t<span class=\"elementor-divider-separator\">\n\t\t\t\t\t\t<\/span>\n\t\t<\/div>\n\t\t\t\t\t\t<\/div>\n\t\t\t\t<div class=\"elementor-element elementor-element-908cb12 elementor-icon-list--layout-inline elementor-list-item-link-full_width elementor-invisible elementor-widget elementor-widget-icon-list\" data-id=\"908cb12\" data-element_type=\"widget\" data-e-type=\"widget\" data-settings=\"{&quot;_animation&quot;:&quot;fadeInUp&quot;}\" data-widget_type=\"icon-list.default\">\n\t\t\t\t\t\t\t<ul class=\"elementor-icon-list-items elementor-inline-items\">\n\t\t\t\t\t\t\t<li class=\"elementor-icon-list-item elementor-inline-item\">\n\t\t\t\t\t\t\t\t\t\t<span class=\"elementor-icon-list-text\">420\u20ac l'ann\u00e9e<\/span>\n\t\t\t\t\t\t\t\t\t<\/li>\n\t\t\t\t\t\t\t\t<li class=\"elementor-icon-list-item elementor-inline-item\">\n\t\t\t\t\t\t\t\t\t\t<span class=\"elementor-icon-list-text\">De Septembre \u00e0 fin Juin<\/span>\n\t\t\t\t\t\t\t\t\t<\/li>\n\t\t\t\t\t\t<\/ul>\n\t\t\t\t\t\t<\/div>\n\t\t\t\t<div class=\"elementor-element elementor-element-5451a85 elementor-icon-list--layout-inline elementor-list-item-link-full_width elementor-invisible elementor-widget elementor-widget-icon-list\" data-id=\"5451a85\" data-element_type=\"widget\" data-e-type=\"widget\" data-settings=\"{&quot;_animation&quot;:&quot;fadeInUp&quot;}\" data-widget_type=\"icon-list.default\">\n\t\t\t\t\t\t\t<ul class=\"elementor-icon-list-items elementor-inline-items\">\n\t\t\t\t\t\t\t<li class=\"elementor-icon-list-item elementor-inline-item\">\n\t\t\t\t\t\t\t\t\t\t<span class=\"elementor-icon-list-text\">270\u20ac l'ann\u00e9e<\/span>\n\t\t\t\t\t\t\t\t\t<\/li>\n\t\t\t\t\t\t\t\t<li class=\"elementor-icon-list-item elementor-inline-item\">\n\t\t\t\t\t\t\t\t\t\t<span class=\"elementor-icon-list-text\">De Janvier \u00e0 fin Juin<\/span>\n\t\t\t\t\t\t\t\t\t<\/li>\n\t\t\t\t\t\t<\/ul>\n\t\t\t\t\t\t<\/div>\n\t\t\t\t<div class=\"elementor-element elementor-element-e7bc9af elementor-icon-list--layout-inline elementor-list-item-link-full_width elementor-invisible elementor-widget elementor-widget-icon-list\" data-id=\"e7bc9af\" data-element_type=\"widget\" data-e-type=\"widget\" data-settings=\"{&quot;_animation&quot;:&quot;fadeInUp&quot;}\" data-widget_type=\"icon-list.default\">\n\t\t\t\t\t\t\t<ul class=\"elementor-icon-list-items elementor-inline-items\">\n\t\t\t\t\t\t\t<li class=\"elementor-icon-list-item elementor-inline-item\">\n\t\t\t\t\t\t\t\t\t\t<span class=\"elementor-icon-list-text\">15\u20ac \u00e0 l'unit\u00e9<\/span>\n\t\t\t\t\t\t\t\t\t<\/li>\n\t\t\t\t\t\t\t\t<li class=\"elementor-icon-list-item elementor-inline-item\">\n\t\t\t\t\t\t\t\t\t\t<span class=\"elementor-icon-list-text\">Cour d'essai offert <\/span>\n\t\t\t\t\t\t\t\t\t<\/li>\n\t\t\t\t\t\t<\/ul>\n\t\t\t\t\t\t<\/div>\n\t\t\t\t<\/div>\n\t\t\t\t<\/div>\n\t\t<div class=\"elementor-element elementor-element-5464f27d e-con-full e-flex e-con e-child\" data-id=\"5464f27d\" data-element_type=\"container\" data-e-type=\"container\" data-settings=\"{&quot;background_background&quot;:&quot;classic&quot;}\">\n\t\t\t\t<\/div>\n\t\t\t\t<\/div>\n\t\t<div class=\"elementor-element elementor-element-aacfa62 e-flex e-con-boxed e-con e-parent\" data-id=\"aacfa62\" data-element_type=\"container\" data-e-type=\"container\">\n\t\t\t\t\t<div class=\"e-con-inner\">\n\t\t\t\t<div class=\"elementor-element elementor-element-c3ee4d9 elementor-widget-divider--view-line elementor-widget elementor-widget-divider\" data-id=\"c3ee4d9\" data-element_type=\"widget\" data-e-type=\"widget\" data-widget_type=\"divider.default\">\n\t\t\t\t\t\t\t<div class=\"elementor-divider\">\n\t\t\t<span class=\"elementor-divider-separator\">\n\t\t\t\t\t\t<\/span>\n\t\t<\/div>\n\t\t\t\t\t\t<\/div>\n\t\t\t\t\t<\/div>\n\t\t\t\t<\/div>\n\t\t<div class=\"elementor-element elementor-element-162a32d1 e-flex e-con-boxed e-con e-parent\" data-id=\"162a32d1\" data-element_type=\"container\" data-e-type=\"container\">\n\t\t\t\t\t<div class=\"e-con-inner\">\n\t\t<div class=\"elementor-element elementor-element-6cb1ad25 e-con-full e-flex e-con e-child\" data-id=\"6cb1ad25\" data-element_type=\"container\" data-e-type=\"container\">\n\t\t\t\t<div class=\"elementor-element elementor-element-efb2a35 elementor-widget elementor-widget-heading\" data-id=\"efb2a35\" data-element_type=\"widget\" data-e-type=\"widget\" data-widget_type=\"heading.default\">\n\t\t\t\t\t<h2 class=\"elementor-heading-title elementor-size-default\">Ce que vous d\u00e9couvrirez<\/h2>\t\t\t\t<\/div>\n\t\t\t\t<div class=\"elementor-element elementor-element-1bbf40fc elementor-widget elementor-widget-text-editor\" data-id=\"1bbf40fc\" data-element_type=\"widget\" data-e-type=\"widget\" data-widget_type=\"text-editor.default\">\n\t\t\t\t\t\t\t\t\t<p>Au fil des s\u00e9ances, vous d\u00e9couvrirez bien plus qu\u2019une simple pratique posturale. Vous apprendrez \u00e0 vous reconnecter \u00e0 votre respiration, \u00e0 apprivoiser votre corps avec douceur et \u00e0 d\u00e9velopper une conscience plus fine de vos sensations. Vous explorerez les bases du yoga, son rythme, sa philosophie, et la fa\u00e7on dont il peut s\u2019int\u00e9grer naturellement dans votre quotidien. Pas \u00e0 pas, vous trouverez votre propre mani\u00e8re de pratiquer, celle qui vous ressemble, celle qui vous fait du bien.<\/p>\t\t\t\t\t\t\t\t<\/div>\n\t\t\t\t<\/div>\n\t\t<div class=\"elementor-element elementor-element-319440fb e-con-full e-flex e-con e-child\" data-id=\"319440fb\" data-element_type=\"container\" data-e-type=\"container\">\n\t\t\t\t<div class=\"elementor-element elementor-element-6f545b8a elementor-widget elementor-widget-heading\" data-id=\"6f545b8a\" data-element_type=\"widget\" data-e-type=\"widget\" data-widget_type=\"heading.default\">\n\t\t\t\t\t<h3 class=\"elementor-heading-title elementor-size-default\">Les bienfaits \u00e0 venir<\/h3>\t\t\t\t<\/div>\n\t\t\t\t<div class=\"elementor-element elementor-element-72d7970 elementor-icon-list--layout-traditional elementor-list-item-link-full_width elementor-widget elementor-widget-icon-list\" data-id=\"72d7970\" data-element_type=\"widget\" data-e-type=\"widget\" data-widget_type=\"icon-list.default\">\n\t\t\t\t\t\t\t<ul class=\"elementor-icon-list-items\">\n\t\t\t\t\t\t\t<li class=\"elementor-icon-list-item\">\n\t\t\t\t\t\t\t\t\t\t\t<span class=\"elementor-icon-list-icon\">\n\t\t\t\t\t\t\t<svg aria-hidden=\"true\" class=\"e-font-icon-svg e-fas-circle\" viewBox=\"0 0 512 512\" xmlns=\"http:\/\/www.w3.org\/2000\/svg\"><path d=\"M256 8C119 8 8 119 8 256s111 248 248 248 248-111 248-248S393 8 256 8z\"><\/path><\/svg>\t\t\t\t\t\t<\/span>\n\t\t\t\t\t\t\t\t\t\t<span class=\"elementor-icon-list-text\">Une meilleure conscience de vous <\/span>\n\t\t\t\t\t\t\t\t\t<\/li>\n\t\t\t\t\t\t\t\t<li class=\"elementor-icon-list-item\">\n\t\t\t\t\t\t\t\t\t\t\t<span class=\"elementor-icon-list-icon\">\n\t\t\t\t\t\t\t<svg aria-hidden=\"true\" class=\"e-font-icon-svg e-fas-circle\" viewBox=\"0 0 512 512\" xmlns=\"http:\/\/www.w3.org\/2000\/svg\"><path d=\"M256 8C119 8 8 119 8 256s111 248 248 248 248-111 248-248S393 8 256 8z\"><\/path><\/svg>\t\t\t\t\t\t<\/span>\n\t\t\t\t\t\t\t\t\t\t<span class=\"elementor-icon-list-text\">Moins de stress <\/span>\n\t\t\t\t\t\t\t\t\t<\/li>\n\t\t\t\t\t\t\t\t<li class=\"elementor-icon-list-item\">\n\t\t\t\t\t\t\t\t\t\t\t<span class=\"elementor-icon-list-icon\">\n\t\t\t\t\t\t\t<svg aria-hidden=\"true\" class=\"e-font-icon-svg e-fas-circle\" viewBox=\"0 0 512 512\" xmlns=\"http:\/\/www.w3.org\/2000\/svg\"><path d=\"M256 8C119 8 8 119 8 256s111 248 248 248 248-111 248-248S393 8 256 8z\"><\/path><\/svg>\t\t\t\t\t\t<\/span>\n\t\t\t\t\t\t\t\t\t\t<span class=\"elementor-icon-list-text\">Plus de clart\u00e9 mentale<\/span>\n\t\t\t\t\t\t\t\t\t<\/li>\n\t\t\t\t\t\t\t\t<li class=\"elementor-icon-list-item\">\n\t\t\t\t\t\t\t\t\t\t\t<span class=\"elementor-icon-list-icon\">\n\t\t\t\t\t\t\t<svg aria-hidden=\"true\" class=\"e-font-icon-svg e-fas-circle\" viewBox=\"0 0 512 512\" xmlns=\"http:\/\/www.w3.org\/2000\/svg\"><path d=\"M256 8C119 8 8 119 8 256s111 248 248 248 248-111 248-248S393 8 256 8z\"><\/path><\/svg>\t\t\t\t\t\t<\/span>\n\t\t\t\t\t\t\t\t\t\t<span class=\"elementor-icon-list-text\">Un corps renforcer et assouplit<\/span>\n\t\t\t\t\t\t\t\t\t<\/li>\n\t\t\t\t\t\t<\/ul>\n\t\t\t\t\t\t<\/div>\n\t\t\t\t<\/div>\n\t\t<div class=\"elementor-element elementor-element-25109487 e-con-full e-flex e-con e-child\" data-id=\"25109487\" data-element_type=\"container\" data-e-type=\"container\">\n\t\t\t\t<div class=\"elementor-element elementor-element-5a5a3f28 elementor-widget elementor-widget-heading\" data-id=\"5a5a3f28\" data-element_type=\"widget\" data-e-type=\"widget\" data-widget_type=\"heading.default\">\n\t\t\t\t\t<h3 class=\"elementor-heading-title elementor-size-default\">Ou pratiquer ?<\/h3>\t\t\t\t<\/div>\n\t\t\t\t<div class=\"elementor-element elementor-element-297f26f1 elementor-icon-list--layout-traditional elementor-list-item-link-full_width elementor-widget elementor-widget-icon-list\" data-id=\"297f26f1\" data-element_type=\"widget\" data-e-type=\"widget\" data-widget_type=\"icon-list.default\">\n\t\t\t\t\t\t\t<ul class=\"elementor-icon-list-items\">\n\t\t\t\t\t\t\t<li class=\"elementor-icon-list-item\">\n\t\t\t\t\t\t\t\t\t\t\t<a href=\"https:\/\/www.salles-yoga-nantes.com\" target=\"_blank\">\n\n\t\t\t\t\t\t\t\t\t\t\t\t<span class=\"elementor-icon-list-icon\">\n\t\t\t\t\t\t\t<svg aria-hidden=\"true\" class=\"e-font-icon-svg e-fas-circle\" viewBox=\"0 0 512 512\" xmlns=\"http:\/\/www.w3.org\/2000\/svg\"><path d=\"M256 8C119 8 8 119 8 256s111 248 248 248 248-111 248-248S393 8 256 8z\"><\/path><\/svg>\t\t\t\t\t\t<\/span>\n\t\t\t\t\t\t\t\t\t\t<span class=\"elementor-icon-list-text\">SALLE LES TOURNESOLS <\/span>\n\t\t\t\t\t\t\t\t\t\t\t<\/a>\n\t\t\t\t\t\t\t\t\t<\/li>\n\t\t\t\t\t\t\t\t<li class=\"elementor-icon-list-item\">\n\t\t\t\t\t\t\t\t\t\t\t<a href=\"https:\/\/labo-corps-accord.fr\/infos-pratiques-confidentialite-2\/\" target=\"_blank\">\n\n\t\t\t\t\t\t\t\t\t\t\t\t<span class=\"elementor-icon-list-icon\">\n\t\t\t\t\t\t\t<svg aria-hidden=\"true\" class=\"e-font-icon-svg e-fas-circle\" viewBox=\"0 0 512 512\" xmlns=\"http:\/\/www.w3.org\/2000\/svg\"><path d=\"M256 8C119 8 8 119 8 256s111 248 248 248 248-111 248-248S393 8 256 8z\"><\/path><\/svg>\t\t\t\t\t\t<\/span>\n\t\t\t\t\t\t\t\t\t\t<span class=\"elementor-icon-list-text\">LABO CORPS ACCORD (infos directement aupr\u00e8s du lieu)<\/span>\n\t\t\t\t\t\t\t\t\t\t\t<\/a>\n\t\t\t\t\t\t\t\t\t<\/li>\n\t\t\t\t\t\t<\/ul>\n\t\t\t\t\t\t<\/div>\n\t\t\t\t<\/div>\n\t\t\t\t\t<\/div>\n\t\t\t\t<\/div>\n\t\t\t\t<\/div>\n\t\t","protected":false},"excerpt":{"rendered":"<p>La pratique collective Je propose des cours collectifs de yoga Vinyasa dans deux lieux \u00e0 Rez\u00e9 : Les Tournesols et Labo Corps Accords. Ouverts \u00e0 tous les niveaux, d\u00e9butants et interm\u00e9diaires, ces cours sont un moment pour se reconnecter \u00e0 soi tout en profitant de l\u2019\u00e9nergie bienveillante du groupe. Une parenth\u00e8se pour \u00e9couter son corps, [&hellip;]<\/p>\n","protected":false},"author":1,"featured_media":134,"parent":0,"menu_order":0,"comment_status":"closed","ping_status":"closed","template":"elementor_header_footer","meta":{"_monsterinsights_skip_tracking":false,"_monsterinsights_sitenote_active":false,"_monsterinsights_sitenote_note":"","_monsterinsights_sitenote_category":0,"footnotes":""},"class_list":["post-20","page","type-page","status-publish","has-post-thumbnail","hentry"],"yoast_head":"<!-- This site is optimized with the Yoast SEO plugin v26.9 - https:\/\/yoast.com\/product\/yoast-seo-wordpress\/ -->\n<title>Les cours collectifs - CHA YOGA<\/title>\n<meta name=\"description\" content=\"Cours collectifs de yoga \u00e0 Rez\u00e9 : pratiquez en groupe, d\u00e9veloppez souplesse, force et \u00e9quilibre, et profitez d\u2019un moment de d\u00e9tente partag\u00e9.\" \/>\n<meta name=\"robots\" content=\"index, follow, max-snippet:-1, max-image-preview:large, max-video-preview:-1\" \/>\n<link rel=\"canonical\" href=\"https:\/\/cha-yoga.fr\/index.php\/les-cours-collectifs-yoga\/\" \/>\n<meta property=\"og:locale\" content=\"fr_FR\" \/>\n<meta property=\"og:type\" content=\"article\" \/>\n<meta property=\"og:title\" content=\"Cours collectifs de yoga \u00e0 Rez\u00e9\" \/>\n<meta property=\"og:description\" content=\"Cours collectifs de yoga \u00e0 Rez\u00e9 : pratiquez en groupe, d\u00e9veloppez souplesse, force et \u00e9quilibre, et profitez d\u2019un moment de d\u00e9tente partag\u00e9.\" \/>\n<meta property=\"og:url\" content=\"https:\/\/cha-yoga.fr\/index.php\/les-cours-collectifs-yoga\/\" \/>\n<meta property=\"og:site_name\" content=\"CHA YOGA\" \/>\n<meta property=\"article:modified_time\" content=\"2025-12-04T16:15:47+00:00\" \/>\n<meta property=\"og:image\" content=\"https:\/\/cha-yoga.fr\/wp-content\/uploads\/2025\/10\/f0f084cc-cc11-4c37-be46-fff65242891d.jpg\" \/>\n\t<meta property=\"og:image:width\" content=\"1600\" \/>\n\t<meta property=\"og:image:height\" content=\"1200\" \/>\n\t<meta property=\"og:image:type\" content=\"image\/jpeg\" \/>\n<meta name=\"twitter:card\" content=\"summary_large_image\" \/>\n<meta name=\"twitter:label1\" content=\"Dur\u00e9e de lecture estim\u00e9e\" \/>\n\t<meta name=\"twitter:data1\" content=\"2 minutes\" \/>\n<script type=\"application\/ld+json\" class=\"yoast-schema-graph\">{\"@context\":\"https:\/\/schema.org\",\"@graph\":[{\"@type\":\"WebPage\",\"@id\":\"https:\/\/cha-yoga.fr\/index.php\/les-cours-collectifs-yoga\/\",\"url\":\"https:\/\/cha-yoga.fr\/index.php\/les-cours-collectifs-yoga\/\",\"name\":\"Les cours collectifs - CHA YOGA\",\"isPartOf\":{\"@id\":\"https:\/\/cha-yoga.fr\/#website\"},\"primaryImageOfPage\":{\"@id\":\"https:\/\/cha-yoga.fr\/index.php\/les-cours-collectifs-yoga\/#primaryimage\"},\"image\":{\"@id\":\"https:\/\/cha-yoga.fr\/index.php\/les-cours-collectifs-yoga\/#primaryimage\"},\"thumbnailUrl\":\"https:\/\/cha-yoga.fr\/wp-content\/uploads\/2025\/10\/Capture-decran-2025-10-03-a-15.58.28.png\",\"datePublished\":\"2025-10-03T10:31:49+00:00\",\"dateModified\":\"2025-12-04T16:15:47+00:00\",\"description\":\"Cours collectifs de yoga \u00e0 Rez\u00e9 : pratiquez en groupe, d\u00e9veloppez souplesse, force et \u00e9quilibre, et profitez d\u2019un moment de d\u00e9tente partag\u00e9.\",\"breadcrumb\":{\"@id\":\"https:\/\/cha-yoga.fr\/index.php\/les-cours-collectifs-yoga\/#breadcrumb\"},\"inLanguage\":\"fr-FR\",\"potentialAction\":[{\"@type\":\"ReadAction\",\"target\":[\"https:\/\/cha-yoga.fr\/index.php\/les-cours-collectifs-yoga\/\"]}]},{\"@type\":\"ImageObject\",\"inLanguage\":\"fr-FR\",\"@id\":\"https:\/\/cha-yoga.fr\/index.php\/les-cours-collectifs-yoga\/#primaryimage\",\"url\":\"https:\/\/cha-yoga.fr\/wp-content\/uploads\/2025\/10\/Capture-decran-2025-10-03-a-15.58.28.png\",\"contentUrl\":\"https:\/\/cha-yoga.fr\/wp-content\/uploads\/2025\/10\/Capture-decran-2025-10-03-a-15.58.28.png\",\"width\":1896,\"height\":1900,\"caption\":\"Le sol sous les pieds, le ciel au-dessus\u2026 et nous, entre les deux.\"},{\"@type\":\"BreadcrumbList\",\"@id\":\"https:\/\/cha-yoga.fr\/index.php\/les-cours-collectifs-yoga\/#breadcrumb\",\"itemListElement\":[{\"@type\":\"ListItem\",\"position\":1,\"name\":\"Accueil\",\"item\":\"https:\/\/cha-yoga.fr\/\"},{\"@type\":\"ListItem\",\"position\":2,\"name\":\"Les cours collectifs\"}]},{\"@type\":\"WebSite\",\"@id\":\"https:\/\/cha-yoga.fr\/#website\",\"url\":\"https:\/\/cha-yoga.fr\/\",\"name\":\"CHA YOGA\",\"description\":\"Enseignante de yoga vinyasa\",\"potentialAction\":[{\"@type\":\"SearchAction\",\"target\":{\"@type\":\"EntryPoint\",\"urlTemplate\":\"https:\/\/cha-yoga.fr\/?s={search_term_string}\"},\"query-input\":{\"@type\":\"PropertyValueSpecification\",\"valueRequired\":true,\"valueName\":\"search_term_string\"}}],\"inLanguage\":\"fr-FR\"}]}<\/script>\n<!-- \/ Yoast SEO plugin. -->","yoast_head_json":{"title":"Les cours collectifs - CHA YOGA","description":"Cours collectifs de yoga \u00e0 Rez\u00e9 : pratiquez en groupe, d\u00e9veloppez souplesse, force et \u00e9quilibre, et profitez d\u2019un moment de d\u00e9tente partag\u00e9.","robots":{"index":"index","follow":"follow","max-snippet":"max-snippet:-1","max-image-preview":"max-image-preview:large","max-video-preview":"max-video-preview:-1"},"canonical":"https:\/\/cha-yoga.fr\/index.php\/les-cours-collectifs-yoga\/","og_locale":"fr_FR","og_type":"article","og_title":"Cours collectifs de yoga \u00e0 Rez\u00e9","og_description":"Cours collectifs de yoga \u00e0 Rez\u00e9 : pratiquez en groupe, d\u00e9veloppez souplesse, force et \u00e9quilibre, et profitez d\u2019un moment de d\u00e9tente partag\u00e9.","og_url":"https:\/\/cha-yoga.fr\/index.php\/les-cours-collectifs-yoga\/","og_site_name":"CHA YOGA","article_modified_time":"2025-12-04T16:15:47+00:00","og_image":[{"width":1600,"height":1200,"url":"https:\/\/cha-yoga.fr\/wp-content\/uploads\/2025\/10\/f0f084cc-cc11-4c37-be46-fff65242891d.jpg","type":"image\/jpeg"}],"twitter_card":"summary_large_image","twitter_misc":{"Dur\u00e9e de lecture estim\u00e9e":"2 minutes"},"schema":{"@context":"https:\/\/schema.org","@graph":[{"@type":"WebPage","@id":"https:\/\/cha-yoga.fr\/index.php\/les-cours-collectifs-yoga\/","url":"https:\/\/cha-yoga.fr\/index.php\/les-cours-collectifs-yoga\/","name":"Les cours collectifs - CHA YOGA","isPartOf":{"@id":"https:\/\/cha-yoga.fr\/#website"},"primaryImageOfPage":{"@id":"https:\/\/cha-yoga.fr\/index.php\/les-cours-collectifs-yoga\/#primaryimage"},"image":{"@id":"https:\/\/cha-yoga.fr\/index.php\/les-cours-collectifs-yoga\/#primaryimage"},"thumbnailUrl":"https:\/\/cha-yoga.fr\/wp-content\/uploads\/2025\/10\/Capture-decran-2025-10-03-a-15.58.28.png","datePublished":"2025-10-03T10:31:49+00:00","dateModified":"2025-12-04T16:15:47+00:00","description":"Cours collectifs de yoga \u00e0 Rez\u00e9 : pratiquez en groupe, d\u00e9veloppez souplesse, force et \u00e9quilibre, et profitez d\u2019un moment de d\u00e9tente partag\u00e9.","breadcrumb":{"@id":"https:\/\/cha-yoga.fr\/index.php\/les-cours-collectifs-yoga\/#breadcrumb"},"inLanguage":"fr-FR","potentialAction":[{"@type":"ReadAction","target":["https:\/\/cha-yoga.fr\/index.php\/les-cours-collectifs-yoga\/"]}]},{"@type":"ImageObject","inLanguage":"fr-FR","@id":"https:\/\/cha-yoga.fr\/index.php\/les-cours-collectifs-yoga\/#primaryimage","url":"https:\/\/cha-yoga.fr\/wp-content\/uploads\/2025\/10\/Capture-decran-2025-10-03-a-15.58.28.png","contentUrl":"https:\/\/cha-yoga.fr\/wp-content\/uploads\/2025\/10\/Capture-decran-2025-10-03-a-15.58.28.png","width":1896,"height":1900,"caption":"Le sol sous les pieds, le ciel au-dessus\u2026 et nous, entre les deux."},{"@type":"BreadcrumbList","@id":"https:\/\/cha-yoga.fr\/index.php\/les-cours-collectifs-yoga\/#breadcrumb","itemListElement":[{"@type":"ListItem","position":1,"name":"Accueil","item":"https:\/\/cha-yoga.fr\/"},{"@type":"ListItem","position":2,"name":"Les cours collectifs"}]},{"@type":"WebSite","@id":"https:\/\/cha-yoga.fr\/#website","url":"https:\/\/cha-yoga.fr\/","name":"CHA YOGA","description":"Enseignante de yoga vinyasa","potentialAction":[{"@type":"SearchAction","target":{"@type":"EntryPoint","urlTemplate":"https:\/\/cha-yoga.fr\/?s={search_term_string}"},"query-input":{"@type":"PropertyValueSpecification","valueRequired":true,"valueName":"search_term_string"}}],"inLanguage":"fr-FR"}]}},"_links":{"self":[{"href":"https:\/\/cha-yoga.fr\/index.php\/wp-json\/wp\/v2\/pages\/20","targetHints":{"allow":["GET"]}}],"collection":[{"href":"https:\/\/cha-yoga.fr\/index.php\/wp-json\/wp\/v2\/pages"}],"about":[{"href":"https:\/\/cha-yoga.fr\/index.php\/wp-json\/wp\/v2\/types\/page"}],"author":[{"embeddable":true,"href":"https:\/\/cha-yoga.fr\/index.php\/wp-json\/wp\/v2\/users\/1"}],"replies":[{"embeddable":true,"href":"https:\/\/cha-yoga.fr\/index.php\/wp-json\/wp\/v2\/comments?post=20"}],"version-history":[{"count":20,"href":"https:\/\/cha-yoga.fr\/index.php\/wp-json\/wp\/v2\/pages\/20\/revisions"}],"predecessor-version":[{"id":468,"href":"https:\/\/cha-yoga.fr\/index.php\/wp-json\/wp\/v2\/pages\/20\/revisions\/468"}],"wp:featuredmedia":[{"embeddable":true,"href":"https:\/\/cha-yoga.fr\/index.php\/wp-json\/wp\/v2\/media\/134"}],"wp:attachment":[{"href":"https:\/\/cha-yoga.fr\/index.php\/wp-json\/wp\/v2\/media?parent=20"}],"curies":[{"name":"wp","href":"https:\/\/api.w.org\/{rel}","templated":true}]}}